 -3*x. Calculate the greatest common divisor of x and 5.
1
Let r(d) = -d**3 - 7*d**2 - 5*d + 10. Let c be r(-7). Let p be 4/(-18) + 876/54. Let n = -7 + p. Calculate the highest common factor of n and c.
9
Let o = 18 + -17. What is the highest common divisor of o and 11?
1
Suppose -574 = -15*z + 371. Calculate the highest common divisor of 84 and z.
21
Let b(c) = -c**2 - 5*c + 9. Let w be b(-7). Let v = 17 - w. Calculate the greatest common factor of v and 242.
22
Let h(i) = i**2 - 6*i. Let t be h(4). Let y be (-204)/t*4/6. What is the greatest common divisor of 136 and y?
17
Let l(c) = c**3 - 4*c**2 - 2*c + 12. Let y be l(5). Calculate the highest common divisor of y and 216.
27
Let t = -6 + 1. Let i(b) = 5*b**2 + b**2 - 4*b**2 - 3*b + 5. Let j be i(t). What is the greatest common divisor of j and 14?
14
Let d = -8 - -16. Let b be (6 + -2)*1/2. Suppose -5 = -3*l - b. What is the highest common divisor of l and d?
1
Suppose -2*c + 2*o - 2 = 0, 2*o = 3*o - 4. Let x be (-2)/c - 84/(-18). Calculate the greatest common divisor of 12 and x.
4
Let q(l) = 34*l**2 + 3*l + 5. Let a be q(-2). What is the highest common factor of a and 15?
15
Suppose 8*b - 16 = 7*b. What is the highest common factor of 64 and b?
16
Let l = 13 + -1. Suppose 2*a - l = a. Calculate the greatest common factor of 12 and a.
12
Let n(a) = -2*a**3 - 7*a**2 - 4*a + 2. Let p be n(-3). Calculate the highest common divisor of p and 1.
1
Let b be (-165)/(-6) - (-1)/2. Let a = 73 - b. Suppose 2*x = -2*x + 8, 3*t + x = 47. What is the greatest common factor of t and a?
15
Suppose 0*t - 3*t = 0. Suppose t = -z - 3*c - 10, 0 = 5*z + 4*c + c. Let d be (-5)/(-25) - (-19)/z. What is the greatest common factor of 28 and d?
4
Let j be (-4)/(-2) + 3 + -11. Let d = j - -8. Let t be ((-12)/(-10))/(d/20). Calculate the highest common divisor of 24 and t.
12
Let t = 217 + -72. What is the highest common factor of 29 and t?
29
Let s(m) = m + 1. Let x be 1*(0 - (-1 - 0)). Let n(c) = -c + 3. Let a(b) = x*n(b) - 2*s(b). Let k be a(-6). Calculate the greatest common factor of 152 and k.
19
Let u = -2 - -4. Suppose -5*m + o = -389, -219 = -5*m + u*m - 3*o. What is the greatest common factor of m and 11?
11
Let f = -37 - -62. Let q(b) = -3*b + 6 - 6 + 4. Let z be q(-2). What is the highest common factor of z and f?
5
Let o = -3 - -4. Let m be -2 + -43 + o + 1. Let g = 34 - m. Calculate the highest common factor of 7 and g.
7
Let i(f) = 4*f**3 - f - 2 + 0*f**2 + 3*f**2 - f. Let t be i(2). Calculate the highest common divisor of t and 95.
19
Let k(z) = -z**2 - 5*z - 4. Let w be k(-4). Suppose 0 = -5*j - w*j + 40. What is the highest common factor of j and 56?
8
Suppose 0 = 2*a + 2*a - 1936. Suppose -4*b + a = 3*w, 323 = 2*w + 2*b + b. Suppose 3*k + k = w. What is the greatest common divisor of 100 and k?
20
Let t(o) = 78*o. Let u(d) = 13*d. Let c(f) = 6*t(f) - 39*u(f). Let q be c(-1). Suppose -5*x - 10 = -140. Calculate the highest common divisor of x and q.
13
Suppose -5*o + 4*u = 92, 5*u + 39 = -3*o + 6. Let t be (12/6)/((-2)/o). Calculate the highest common factor of 16 and t.
16
Let p be (0 - -2)*18/4. Let g = p - 3. Suppose -2*n = n - 72. What is the greatest common factor of n and g?
6
Let g(o) = 2*o**3 - 3*o**2 + 3*o. Let x be g(2). What is the highest common divisor of x and 90?
10
Suppose -36 = -3*u + 30. Let s = 7 + -2. Let i be 13/s + 6/(-10). Calculate the highest common divisor of u and i.
2
Suppose 11*x - 6*x + 20 = 0. Let a be 5/(2/x*-1). Calculate the highest common divisor of a and 20.
10
Suppose a - 2 = 0, 5*z - a - 5 + 17 = 0. Let v be 33/(-6)*(z - 4). What is the greatest common factor of 11 and v?
11
Suppose 0 = 4*s + 2*u + u - 16, 4*s + u - 16 = 0. What is the highest common factor of s and 8?
4
Let w(g) = -10*g + 1. Let u(r) = -r**2 + 10*r - 10. Let a be u(9). Let p be w(a). What is the greatest common factor of p and 55?
11
Let s = 92 - 58. Let r(a) = 18*a**2 + a - 2. Let d be r(1). What is the highest common divisor of s and d?
17
Let z(u) = -3*u. Let r be z(-4). Suppose 54 = 5*g + 14. What is the greatest common factor of r and g?
4
Let k = 27 + -18. Calculate the greatest common divisor of k and 9.
9
Let g = 100 - 30. What is the highest common factor of g and 28?
14
Let q(h) = -h**2 + 8*h + 8. Let z(g) = 3*g**2 - 16*g - 15. Let j(r) = -5*q(r) - 2*z(r). Let t be j(-5). Calculate the greatest common divisor of t and 10.
5
Suppose -5*r + 25 = -10. Let j = 49 - 32. Suppose 3 = -h + j. What is the highest common divisor of r and h?
7
Suppose 6*y - 29 = 127. What is the highest common factor of 52 and y?
26
Let o = -1 - -11. What is the greatest common divisor of o and 100?
10
Suppose 13 - 1 = 4*d. Suppose d*x - 67 - 11 = 0. What is the greatest common divisor of x and 104?
26
Suppose -130 = -o - o. Let d = 36 - 23. What is the highest common factor of o and d?
13
Suppose s + 6 = 4*h, s = -2*s + 6. Let z be (-1)/(3/(-60)*h). Calculate the highest common divisor of 10 and z.
10
Suppose m + 2*m - 18 = 0. Let q be (-112)/(-21) + (-2)/(-3). What is the highest common factor of m and q?
6
Let j be (-2)/4 - 105/(-10). What is the greatest common divisor of j and 4?
2
Suppose 0 = 2*n - 4*n + 30. What is the highest common divisor of 285 and n?
15
Suppose -y = -1 - 2. Let k = 44 + -38. What is the greatest common factor of k and y?
3
Suppose -2*d = 5*r - 28, -3*d - 4*r = 9 - 37. Let j = 20 - d. Let z = 64 - 62. Calculate the highest common factor of z and j.
2
Suppose -5*p - 17 = -a, -3*a + 4*a = -p + 35. What is the highest common divisor of a and 48?
16
Let g(o) = o**3 + 23*o**2 + 41*o - 17. Let k be g(-21). Calculate the highest common factor of k and 32.
4
Let x = -15 - -22. Suppose -4*z + 137 = -3*j, 0 = -4*z + 5*j - j + 136. Calculate the highest common divisor of x and z.
7
Let d(h) = h**3 - 10*h**2 + 13*h - 15. Let n be d(9). What is the greatest common divisor of 84 and n?
21
Let b be -1*(-1 - 13*-1). Let a be (-84)/(-10) + b/30. What is the highest common factor of 1 and a?
1
Let b = -2 + 2. Let z(u) = u**3 - u**2 + u + 20. Let g be z(b). Suppose -q = q - g. Calculate the highest common factor of q and 5.
5
Suppose c = 4*j - 1, 12 = 3*c + 4*j - 49. Calculate the greatest common factor of c and 90.
15
Let s = 42 - 18. What is the highest common divisor of s and 192?
24
Suppose 0 = -d - 8. Let l = d + 14. Let s(m) = 54*m**2. Let h be s(-1). Calculate the highest common divisor of l and h.
6
Suppose 4*u - 2*v = 4, 2*u + 2 = 4*v - 8. Let g = 12 - u. Suppose 0 = h + r - 94 + 27, -2*h + r + 149 = 0. Calculate the highest common factor of h and g.
9
Let g be 3/(-4)*-4 - 53. Let b be (-4)/(-14) - (-37)/(-7). Let d = b - g. What is the greatest common divisor of 18 and d?
9
Let b(m) = m**3 + 8*m**2 + m - 10. Let l be b(-5). What is the greatest common factor of 24 and l?
12
Let x = 6 - 0. Suppose 0 = -4*k + 2*g + x, 7*g + 3 = -2*k + 2*g. What is the greatest common factor of 4 and k?
1
Let w(r) = r**3 + r**2 - 9*r + 9. Let t be w(3). What is the greatest common factor of t and 18?
18
Let s = 425 - 245. Suppose -5*w + 4*c = -180, 0 = -w - 4*w - 4*c + s. What is the greatest common divisor of 24 and w?
12
Suppose 4*f + o - 18 - 31 = 0, 0 = -3*f + 2*o + 34. What is the highest common divisor of 132 and f?
12
Let t = -23 + 33. Let i be (4 - 7)*20/(-6). Calculate the highest common divisor of i and t.
10
Suppose -8 = -k - 3*f, k - 4 = -4*f + 4. Calculate the highest common factor of 32 and k.
8
Let z(j) = 3*j + 8. Let n be z(-7). Let r be 20/(-12)*3*n. What is the highest common divisor of 26 and r?
13
Suppose 22 = -q + 2*q. What is the greatest common divisor of q and 55?
11
Suppose k - 3 - 5 = 0. Suppose -m + t - 1 = -19, -4*t = k. Calculate the greatest common divisor of m and 112.
16
Let d be (-36)/(4/18 + (-59)/144). What is the greatest common factor of 12 and d?
12
Suppose 7*f - 2*f = 770. Calculate the greatest common divisor of 14 and f.
14
Let q = -17 + 188. Suppose -2*u - q = -557. Suppose -199 = -4*l + u. What is the greatest common divisor of l and 14?
14
Suppose -2*h + 1 = 5. Let u = h + 26. What is the greatest common divisor of 8 and u?
8
Suppose 36 = -2*i - 0*i. Let p = 32 + i. Calculate the greatest common divisor of p and 154.
14
Let v(b) = b + 2*b**3 - 4*b + 3*b + 3*b. Le